nvert -2ca755 (base 13) to base 5.
-240433131
What is 218551 (base 12) in base 3?
1000002010221
What is -713530 (base 11) in base 16?
-117f05
Convert -12131213012 (base 4) to base 5.
-413203100
1003c (base 15) to base 3
2120112010
Convert -813734 (base 9) to base 12.
-1b294a
What is -328b8b (base 14) in base 5?
-414331120
Convert 70814 (base 10) to base 3.
10121010202
What is 5569ec (base 15) in base 7?
46421112
Convert 581a2 (base 12) to base 15.
24d65
-398b0 (base 14) to base 5
-14013131
Convert a4436a (base 11) to base 8.
6307125
What is -3e7589 (base 16) in base 4?
-33213112021
-1111101111010000100 (base 2) to base 8
-1757204
-56087 (base 11) to base 15
-19141
What is 24a7547 (base 11) in base 6?
233033433
Convert -25422404 (base 6) to base 12.
-33aa04
What is 311044454 (base 6) in base 9?
11086477
25026b (base 14) to base 2
100110101100111110111
What is -210212031 (base 4) in base 6?
-3113553
Convert -111101001011111100 (base 2) to base 8.
-751374
10101011101110111 (base 2) to base 16
15777
What is 68697 (base 10) in base 9?
114210
13013311032 (base 4) to base 16
1c7d4e
Convert -410267 (base 8) to base 15.
-2a186
-230132100 (base 4) to base 6
-3523200
638810 (base 9) to base 8
1347062
What is -164732 (base 9) in base 14?
-29207
What is -7520075 (base 8) in base 13?
-553745
Convert 41412313 (base 5) to base 9.
570506
-2d5427 (base 16) to base 15
-3da2e3
Convert 124222401 (base 5) to base 9.
1140606
What is 356c87 (base 15) in base 6?
130425331
Convert e22b3 (base 15) to base 3.
1100101022220
-1093944 (base 11) to base 16
-1d1eec
Convert 3002443 (base 5) to base 9.
71727
1210000330 (base 4) to base 8
1440074
Convert 314332 (base 6) to base 16.
6410
What is 19651b7 (base 13) in base 6?
454554324
Convert 13bd6 (base 16) to base 5.
10041404
What is -f93119 (base 16) in base 9?
-33650862
Convert 39ac7 (base 14) to base 3.
21012220012
-11011100001111101011 (base 2) to base 15
-12c468
What is 507038 (base 9) in base 3?
120021001022
-131440004 (base 6) to base 7
-31056043
Convert 7776235 (base 8) to base 2.
111111111110010011101
What is 2304310 (base 6) in base 10?
117618
211330222 (base 4) to base 7
1215106
554232 (base 6) to base 7
252014
-231105353 (base 7) to base 4
-311323110023
1351102 (base 7) to base 10
180469
What is 79b4 (base 16) in base 11?
21454
What is 34403231 (base 5) in base 3?
120201222200
Convert 341328 (base 10) to base 16.
53550
What is -34830 (base 16) in base 13?
-76b93
What is 102220220101 (base 3) in base 15?
497e7
What is -200202011001 (base 3) in base 10?
-368983
What is -49240 (base 14) in base 12?
-87588
Convert -1611512 (base 7) to base 2.
-110110000100110001
24070500 (base 8) to base 4
110013011000
What is 23054325 (base 7) in base 10?
2013576
Convert -6146b (base 12) to base 13.
-45941
Convert 6c222 (base 15) to base 5.
42012412
What is 1102201122 (base 3) in base 13?
cb09
What is 210112220211222 (base 3) in base 13?
24b05a3
1aaaa00 (base 12) to base 5
2424403014
442323414 (base 5) to base 8
7240657
What is -78845 (base 13) in base 3?
-102010021212
Convert -12112002100 (base 3) to base 12.
-52a90
-120122211000220 (base 3) to base 10
-8322288
What is 38a41c (base 13) in base 12?
559b52
What is -d277 (base 15) in base 10?
-44437
Convert -883891 (base 13) to base 12.
-10a7a11
e03b (base 16) to base 4
32000323
What is -713b3 (base 14) in base 11?
-176728
Convert -76430343 (base 8) to base 10.
-16396515
What is 1233333030 (base 4) in base 2?
1101111111111001100
What is -1030b0 (base 15) in base 6?
-24255133
-101100021 (base 4) to base 13
-2621a
What is -32a309 (base 12) in base 3?
-1111221012100
What is 1203101323 (base 5) in base 13?
7665b1
What is -53201 (base 13) in base 6?
-3113115
-57568 (base 9) to base 4
-21113213
Convert 101775 (base 9) to base 12.
2ab65
-100111101100110110110 (base 2) to base 14
-25c14a
Convert -449b7 (base 12) to base 8.
-262233
3641732 (base 8) to base 14
1c081c
2a8969 (base 12) to base 3
1100120222000
What is -1c15306 (base 13) in base 3?
-122112121220111
What is -24300400 (base 5) in base 3?
-102121001210
-9d7c8e (base 16) to base 12
-35589a6
Convert bcdc5 (base 14) to base 6.
13453225
What is -e9ff8 (base 16) in base 14?
-1ad412
What is 16515 (base 11) in base 8?
55320
-1561603 (base 7) to base 10
-216730
-2012100011000 (base 3) to base 5
-244333331
What is -726708 (base 11) in base 9?
-2165657
What is 22122122000200 (base 3) in base 14?
879bdc
Convert 203301100 (base 5) to base 15.
1182d5
123050041 (base 6) to base 2
1001000110100000101001
2112101012021 (base 3) to base 15
1b8ba1
-2221010100002 (base 3) to base 12
-631325
-1bd780 (base 15) to base 4
-11030132130
Convert 1972271 (base 13) to base 4.
133330033031
Convert -11101011100011010000000 (base 2) to base 12.
-27028a8
Convert 12101001200022 (base 3) to base 8.
12710532
42513244 (base 6) to base 13
34ba00
Convert -637751 (base 10) to base 3.
-1012101211102
Convert 511354 (base 7) to base 8.
251665
What is -3867 (base 14) in base 5?
-304031
-c86c8 (base 13) to base 7
-3033616
-1142044012 (base 5) to base 2
-1010010000110111001011
10200102010102 (base 3) to base 16
1ddb78
What is 1200334 (base 7) in base 6?
3125031
What is -2504553 (base 6) in base 15?
-29749
What is 491948 (base 10) in base 6?
14313312
What is 111122021210 (base 3) in base 10?
268482
What is 110020122200 (base 3) in base 16?
3ad97
What is 110201110022202 (base 3) in base 16?
67273d
-1010201222112 (base 3) to base 11
-383652
What is -11010101010001010111111 (base 2) in base 6?
-405442023
1110000001011000010 (base 2) to base 14
bd626
-1011001001010111100 (base 2) to base 4
-1121022330
Convert -1031414224 (base 5) to base 4.
-20131031232
Convert 1021102122121 (base 3) to base 13.
1a9620
Convert -20224a (base 14) to base 8.
-4100372
What is -125775 (base 8) in base 13?
-1706b
-156f7 (base 16) to base 6
-1514251
Convert 11211011310 (base 4) to base 3.
2202022101000
Convert -4445130 (base 6) to base 4.
-312230232
460250 (base 8) to base 16
260a8
-610803 (base 9) to base 12
-155256
-1023333120 (base 4) to base 7
-2434311
Convert 11001001101110111 (base 2) to base 6.
2114103
Convert 450002 (base 7) to base 11.
54592
Convert 333a2 (base 16) to base 15.
42286
Convert -a5400 (base 13) to base 9.
-502701
Convert -72211 (base 11) to base 7.
-616204
-85212 (base 13) to base 14
-63586
-1201414304 (base 5) to base 15
-398d1e
-3100130 (base 4) to base 12
-7878
What is -3678a (base 15) in base 11?
-109668
Convert 340113012 (base 5) to base 11.
927379
What is -1094616 (base 10) in base 14?
-206cac
110000110111110010111 (base 2) to base 3
10000100202021
2412532 (base 7) to base 3
120112120221
What is -9b0a9 (base 16) in base 8?
-2330251
-7da46c (base 14) to base 8
-20277620
-1320244 (base 5) to base 4
-12123110
Convert 749177 (base 12) to base 16.
1c15ab
Convert -ca65 (base 14) to base 4.
-20202201
What is 2069d (base 14) in base 8?
230503
Convert 646140 (base 7) to base 14.
2d057
What is -1b146d (base 14) in base 15?
-140985
What is 100466451 (base 7) in base 14?
ac3661
Convert -1625152 (base 13) to base 4.
-123022333132
What is -100011110001100101011 (base 2) in base 9?
-2176038
What is 8648082 (base 10) in base 5?
4203214312
-482418 (base 9) to base 16
-46eb3
1002110100 (base 3) to base 14
7b7c
-1784507 (base 9) to base 12
-403074
Convert 26837724 (base 9) to base 12.
4531227
-103021102122 (base 4) to base 2
-10011001001010010011010
-ac4138 (base 14) to base 3
-102000020022111
-1455761 (base 8) to base 6
-12533225
21211 (base 3) to base 11
182
Convert 27083 (base 14) to base 6.
2021055
103431240 (base 5) to base 11
289713
Convert -28064a4 (base 11) to base 6.
-251423534
3178bb (base 16) to base 6
153254015
Convert 3c487 (base 14) to base 11.
a2007
What is -3125014 (base 6) in base 3?
-21200201101
Convert -1656523 (base 7) to base 14.
-60bba
Convert -b7b1e2 (base 15) to base 10.
-8745062
What is -30300144 (base 5) in base 2?
-111011100001010111
641273 (base 11) to base 3
1221011010101
What is -a4558a (base 11) in base 2?
-110011001010010010000
Convert 16a1a11 (base 11) to base 7.
33352262
What is 231a6 (base 12) in base 5?
3000201
-2324051 (base 7) to base 4
-1013101121
72350 (base 9) to base 16
ba39
-52226 (base 11) to base 9
-125386
Convert -10101011000000111 (base 2) to base 13.
